{"id":43,"date":"2018-01-13T16:51:40","date_gmt":"2018-01-13T15:51:40","guid":{"rendered":""},"modified":"2025-04-15T21:46:39","modified_gmt":"2025-04-15T19:46:39","slug":"informacije-za-posvojitelje","status":"publish","type":"page","link":"https:\/\/zavetisceturk.com\/index.php\/informacije-za-posvojitelje\/","title":{"rendered":"Informacije za posvojitelje"},"content":{"rendered":"<div id=\"post-body-8649192384673062179\" class=\"post-body entry-content\">\n<div><\/div>\n<div>\n<h2>Bodo\u010di posvojitelj,<\/h2>\n<p>posvojitev \u017eivali je velika odgovornost! \u017dival, ki jo bo\u0161 sprejel v svoje \u017eivljenje, ne bo tvoja le za 2 tedna, ampak za vrsto let, zato je potrebno pred tem korakom dobro premisliti. \u017dival predstavlja stro\u0161ek, zahteva svoj \u010das, \u017eival pu\u0161\u010da dlako, iztreblja in tudi zboli. \u017divali so \u010dute\u010da bitja, ki so neizmerno hvale\u017ena, zvesta in v novo dru\u017eino prinesejo veliko sre\u010de.<br \/>\n\u010ce si prepri\u010dan, da bo\u0161 dober lastnik, beri dalje. Odgovorili smo na nekaj najpogostej\u0161ih vpra\u0161anj:<\/p>\n<p><strong>KAKO POTEKA POSVOJITEV?<\/strong><br \/>\nNajprej si na spletu ogledate \u017eivali, ki so na voljo za posvojitev, \u010de vam je katera v\u0161e\u010d in bi ji ponudili dom se dogovorite za termin. Ko pridete k nam ogled, ta poteka vodeno, ogledate si vse \u017eivali, ki so pripravljene za odhod v nov dom. Mo\u017een je tudi sprehod, bli\u017enje spoznavanje, s seboj imate lahko tudi va\u0161ega psa, da vidite kako se ujame z morebitnim posvojen\u010dkom. Posvojitev je pri ve\u010dini \u017eivali mo\u017ena \u017ee isti dan. Lastnik \u017eivali postanete s podpisom Izjave o prevzemu \u017eivali. Prepis lastni\u0161tva uredimo mi.<\/p>\n<p><strong>SO \u017dIVALI CEPLJENE\/STERILIZIRANE\/KASTRIRANE?<br \/>\n<\/strong>Ob odhodu iz zaveti\u0161\u010da so vsi psi \u010dipirani, cepljeni proti steklini in ku\u017enim boleznim ter prejmejo potni list. Poskrbljeno je tudi za notranje in zunanje zajedavce. Psi\u010dke so ob odhodu sterilizirane, vsi psi kastrirani. Ma\u010dke so cepljene proti ku\u017enim boleznim, pregledane na prisotnost mikrosporije, sterilizirane\/kastrirane, mikro\u010dipirane, prejmejo potni list. Poskrbljeno je za notranje in zunanje zajedavce. Odraslim ma\u010dkam \/ po dogovoru opravimo tudi testiranje na ma\u010dji aids in levkozo. Prosto\u017eive\u010de ma\u010dke so po veterinarski obravnavi vrnjene v naravno okolje z ozna\u010denim desnim uhljem.<\/p>\n<p><strong>ALI MORAMO KAJ PLA\u010cATI?<br \/>\n<\/strong>Prispevek ob posvojitvi psa je 60 evrov (gotovina). Prispevek ob posvojitvi ma\u010dka je 50 evrov (gotovina).<\/p>\n<p><strong>KAJ MORAMO IMETI SABO?<\/strong><br \/>\nOb posvojitvi psa potrebujete s seboj ovratnico in povodec, za begosumne pse svetujemo oprsnico in ovratnico, lahko tudi primeren transportni boks.<br \/>\nZa posvojitev muce morate seboj imeti transporter.<\/p>\n<p><strong>KAK\u0160NI SO POGOJI ZA POSVOJITEV?<br \/>\n<\/strong>Glavni pogoj je, da imate radi \u017eivali, da boste posvojen\u010dku omogo\u010dali kvalitetno \u017eivljenje in da se zavedate odgovornosti, ki jo sprejemate. Pred posvojitvijo z vami opravimo pogovor in na podlagi tega ocenimo, \u010de ste primerni posvojitelji.\u00a0 Ne oddajamo vseh \u017eivali v zunanje bivanje. Skrbnik \u017eivali lahko postane samo polnoletna oseba. Posvajanje \u017eivali kot darilo ni mogo\u010de!<\/p>\n<\/div>\n<\/div>\n","protected":false},"excerpt":{"rendered":"<p>Bodo\u010di posvojitelj, posvojitev \u017eivali je velika odgovornost! \u017dival, ki jo bo\u0161 sprejel v svoje \u017eivljenje, ne bo tvoja le za 2 tedna, ampak za vrsto let, zato je potrebno pred tem korakom dobro premisliti. \u017dival predstavlja stro\u0161ek, zahteva svoj \u010das, \u017eival pu\u0161\u010da dlako, iztreblja in tudi zboli. \u017divali so \u010dute\u010da bitja, ki so neizmerno hvale\u017ena, [&hellip;]<\/p>\n","protected":false},"author":2,"featured_media":136,"parent":0,"menu_order":0,"comment_status":"closed","ping_status":"closed","template":"","meta":{"_monsterinsights_skip_tracking":false,"_monsterinsights_sitenote_active":false,"_monsterinsights_sitenote_note":"","_monsterinsights_sitenote_category":0,"footnotes":""},"class_list":["post-43","page","type-page","status-publish","has-post-thumbnail","czr-hentry"],"_links":{"self":[{"href":"https:\/\/zavetisceturk.com\/index.php\/wp-json\/wp\/v2\/pages\/43","targetHints":{"allow":["GET"]}}],"collection":[{"href":"https:\/\/zavetisceturk.com\/index.php\/wp-json\/wp\/v2\/pages"}],"about":[{"href":"https:\/\/zavetisceturk.com\/index.php\/wp-json\/wp\/v2\/types\/page"}],"author":[{"embeddable":true,"href":"https:\/\/zavetisceturk.com\/index.php\/wp-json\/wp\/v2\/users\/2"}],"replies":[{"embeddable":true,"href":"https:\/\/zavetisceturk.com\/index.php\/wp-json\/wp\/v2\/comments?post=43"}],"version-history":[{"count":8,"href":"https:\/\/zavetisceturk.com\/index.php\/wp-json\/wp\/v2\/pages\/43\/revisions"}],"predecessor-version":[{"id":3766,"href":"https:\/\/zavetisceturk.com\/index.php\/wp-json\/wp\/v2\/pages\/43\/revisions\/3766"}],"wp:featuredmedia":[{"embeddable":true,"href":"https:\/\/zavetisceturk.com\/index.php\/wp-json\/wp\/v2\/media\/136"}],"wp:attachment":[{"href":"https:\/\/zavetisceturk.com\/index.php\/wp-json\/wp\/v2\/media?parent=43"}],"curies":[{"name":"wp","href":"https:\/\/api.w.org\/{rel}","templated":true}]}}